tor of 23 and 713.
23
Calculate the highest common divisor of 752 and 32.
16
What is the greatest common factor of 16 and 832?
16
What is the greatest common divisor of 25 and 325?
25
What is the greatest common factor of 70 and 385?
35
Calculate the greatest common divisor of 126 and 2151.
9
What is the greatest common factor of 18 and 234?
18
What is the greatest common divisor of 20 and 580?
20
Calculate the greatest common divisor of 27 and 4887.
27
What is the highest common factor of 22 and 2486?
22
Calculate the greatest common divisor of 198 and 88.
22
What is the highest common divisor of 292 and 1241?
73
Calculate the highest common divisor of 33 and 7689.
33
Calculate the greatest common divisor of 120 and 390.
30
What is the greatest common divisor of 470 and 10?
10
Calculate the greatest common divisor of 8 and 184.
8
Calculate the highest common divisor of 4394 and 26.
26
Calculate the highest common divisor of 7720 and 360.
40
Calculate the highest common divisor of 7 and 7.
7
Calculate the greatest common divisor of 120 and 90.
30
Calculate the greatest common divisor of 78 and 234.
78
What is the greatest common factor of 3 and 1257?
3
What is the greatest common divisor of 9 and 815?
1
Calculate the highest common divisor of 135 and 1205.
5
Calculate the highest common divisor of 141 and 893.
47
Calculate the greatest common divisor of 1730 and 80.
10
Calculate the greatest common factor of 210 and 282.
6
Calculate the highest common divisor of 4 and 216.
4
What is the greatest common factor of 198 and 387?
9
What is the highest common divisor of 4233 and 83?
83
What is the greatest common divisor of 48 and 9456?
48
What is the highest common factor of 920 and 368?
184
Calculate the greatest common divisor of 132 and 16764.
132
What is the greatest common divisor of 2464 and 484?
44
What is the highest common factor of 50 and 1775?
25
What is the greatest common factor of 105 and 7?
7
What is the greatest common factor of 128 and 14?
2
What is the highest common divisor of 286 and 3058?
22
Calculate the greatest common divisor of 2773 and 413.
59
What is the highest common factor of 1653 and 114?
57
What is the greatest common factor of 8205 and 10?
5
What is the greatest common divisor of 14 and 455?
7
What is the highest common factor of 4851 and 99?
99
Calculate the greatest common divisor of 127 and 7.
1
What is the greatest common divisor of 42102 and 18?
18
What is the greatest common factor of 27 and 108?
27
What is the highest common factor of 48 and 66792?
24
Calculate the highest common divisor of 35 and 16380.
35
What is the greatest common divisor of 540 and 243?
27
Calculate the greatest common factor of 10 and 8360.
10
What is the highest common divisor of 348 and 58?
58
What is the greatest common divisor of 63 and 91?
7
What is the highest common factor of 80 and 40?
40
Calculate the highest common factor of 44 and 198.
22
What is the highest common divisor of 9125 and 1000?
125
Calculate the highest common factor of 33 and 2343.
33
What is the highest common factor of 120 and 15876?
12
Calculate the greatest common divisor of 40 and 2780.
20
What is the greatest common divisor of 841 and 203?
29
Calculate the highest common divisor of 756 and 36.
36
What is the highest common divisor of 16 and 40?
8
Calculate the greatest common factor of 144 and 16.
16
Calculate the highest common factor of 3021 and 1431.
159
Calculate the greatest common divisor of 1496 and 88.
88
Calculate the highest common divisor of 64 and 72.
8
Calculate the greatest common divisor of 25 and 1475.
25
Calculate the greatest common divisor of 75 and 29200.
25
What is the highest common divisor of 8995 and 105?
35
Calculate the highest common divisor of 68 and 306.
34
Calculate the greatest common divisor of 27 and 594.
27
Calculate the greatest common divisor of 3496 and 644.
92
What is the greatest common divisor of 2070 and 184?
46
Calculate the highest common factor of 16 and 26.
2
Calculate the highest common divisor of 264 and 33.
33
Calculate the highest common factor of 141 and 188.
47
What is the highest common divisor of 72 and 9?
9
Calculate the greatest common factor of 341 and 217.
31
What is the highest common factor of 53 and 159?
53
What is the greatest common divisor of 4418 and 470?
94
Calculate the greatest common divisor of 102 and 25602.
102
Calculate the highest common divisor of 648 and 56.
8
Calculate the highest common divisor of 253 and 276.
23
What is the greatest common divisor of 280 and 25?
5
What is the highest common factor of 63455 and 185?
185
What is the highest common factor of 747 and 9?
9
What is the greatest common divisor of 333 and 54?
9
What is the greatest common factor of 117 and 36?
9
What is the greatest common divisor of 142 and 22294?
142
What is the highest common factor of 119 and 525?
7
What is the highest common factor of 423 and 188?
47
What is the greatest common divisor of 24 and 40?
8
What is the greatest common factor of 221 and 2159?
17
What is the greatest common factor of 3058 and 242?
22
Calculate the highest common factor of 525 and 21.
21
Calculate the greatest common divisor of 77 and 66.
11
Calculate the greatest common factor of 188 and 1739.
47
What is the highest common factor of 836 and 228?
76
Calculate the highest common factor of 20 and 172.
4
Calculate the greatest common factor of 627 and 19.
19
Calculate the greatest common factor of 7203 and 3.
3
Calculate the greatest common divisor of 108 and 76.
4
What is the highest common factor of 156 and 72?
12
Calculate the highest common factor of 56 and 3752.
56
Calculate the highest common factor of 130 and 5.
5
Calculate the highest common factor of 18 and 828.
18
Calculate the greatest common factor of 7571 and 67.
67
Calculate the greatest common factor of 969 and 34.
17
What is the greatest common divisor of 864 and 16?
16
Calculate the greatest common factor of 44 and 1342.
22
What is the greatest common divisor of 59 and 413?
59
Calculate the highest common factor of 6677 and 11.
11
Calculate the highest common factor of 408 and 24.
24
Calculate the highest common divisor of 898 and 16.
2
Calculate the greatest common factor of 5 and 15.
5
What is the greatest common factor of 3075 and 300?
75
Calculate the greatest common divisor of 57840 and 240.
240
Calculate the greatest common divisor of 150 and 1125.
75
Calculate the greatest common divisor of 988 and 1274.
26
Calculate the highest common divisor of 39 and 975.
39
What is the greatest common factor of 68 and 646?
34
What is the greatest common factor of 243 and 1296?
81
What is the greatest common factor of 4 and 3004?
4
What is the highest common factor of 2136 and 24?
24
Calculate the highest common divisor of 266 and 42.
14
Calculate the highest common divisor of 6655 and 55.
55
Calculate the greatest common factor of 370 and 25.
5
What is the greatest common divisor of 7328 and 229?
229
Calculate the highest common factor of 1854 and 27.
9
What is the highest common factor of 124 and 16?
4
Calculate the greatest common factor of 1098 and 12444.
366
Calculate the highest common divisor of 15375 and 30.
15
What is the greatest common divisor of 121 and 33?
11
What is the highest common factor of 133 and 34181?
133
Calculate the highest common factor of 51 and 102.
51
What is the greatest common divisor of 48 and 1096?
8
Calculate the greatest common divisor of 3 and 44.
1
What is the highest common divisor of 299 and 23?
23
Calculate the highest common factor of 402 and 12.
6
Calculate the greatest common factor of 30 and 190.
10
Calculate the greatest common divisor of 30 and 1770.
30
What is the highest common divisor of 108 and 18?
18
What is the highest common factor of 7 and 63?
7
What is the greatest common divisor of 18678 and 11?
11
Calculate the highest common factor of 1406 and 76.
38
What is the greatest common factor of 56 and 1190?
14
Calculate the greatest common factor of 2 and 149.
1
What is the greatest common factor of 170 and 15?
5
Calculate the highest common factor of 12 and 1842.
6
What is the highest common divisor of 748 and 1088?
68
Calculate the highest common factor of 5312 and 2.
2
Calculate the highest common divisor of 16